{"id":24344,"date":"2023-09-19T11:03:01","date_gmt":"2023-09-19T14:03:01","guid":{"rendered":"http:\/\/mupe.unvm.edu.ar\/?page_id=24344"},"modified":"2023-09-19T11:03:01","modified_gmt":"2023-09-19T14:03:01","slug":"breve-introduccion-al-lenguaje-musical","status":"publish","type":"page","link":"http:\/\/mupe.unvm.edu.ar\/?page_id=24344","title":{"rendered":"Breve introducci\u00f3n al lenguaje musical"},"content":{"rendered":"<section class=\"l-section wpb_row height_large\"><div class=\"l-section-h i-cf\"><div class=\"g-cols vc_row type_default valign_top\"><div class=\"vc_col-sm-3 wpb_column vc_column_container\"><div class=\"vc_column-inner\"><div class=\"wpb_wrapper\"><div class=\"w-image align_none animate_fade\"><a href=\"http:\/\/mupe.unvm.edu.ar\/wp-content\/uploads\/2021\/03\/04.-Breve-introduccion-al-Lenguaje-Musical-TAPA.jpg\" ref=\"magnificPopup\" aria-label=\"Enlace\" class=\"w-image-h\"><img loading=\"lazy\" decoding=\"async\" width=\"541\" height=\"768\" src=\"http:\/\/mupe.unvm.edu.ar\/wp-content\/uploads\/2021\/03\/04.-Breve-introduccion-al-Lenguaje-Musical-TAPA.jpg\" class=\"attachment-large size-large\" alt=\"\" srcset=\"http:\/\/mupe.unvm.edu.ar\/wp-content\/uploads\/2021\/03\/04.-Breve-introduccion-al-Lenguaje-Musical-TAPA.jpg 541w, http:\/\/mupe.unvm.edu.ar\/wp-content\/uploads\/2021\/03\/04.-Breve-introduccion-al-Lenguaje-Musical-TAPA-211x300.jpg 211w\" sizes=\"auto, (max-width: 541px) 100vw, 541px\" \/><\/a><\/div><\/div><\/div><\/div><div class=\"vc_col-sm-9 wpb_column vc_column_container\"><div class=\"vc_column-inner\"><div class=\"wpb_wrapper\"><div class=\"wpb_text_column\" ><div class=\"wpb_wrapper\"><p><strong>Breve introducci\u00f3n al lenguaje musical<\/strong><br \/>\nDutto, Susana Coqui<br \/>\nISBN 978-987-4993-01-4<\/p>\n<p>&nbsp;<\/p>\n<\/div><\/div><div class=\"wpb_text_column\" ><div class=\"wpb_wrapper\"><blockquote>\n<p>Ahora ya sabemos que no basta con definir melod\u00eda, armo\u00adn\u00eda y ritmo, ni alturas y duraciones, ni sonido\/silencio, ni tim\u00adbre\/intensidad, ni ag\u00f3gica\/din\u00e1mica. Sabemos que al hacerlo separamos las partes de un todo, como gotas, pero que la m\u00fasica es el mar que las re\u00fane, las mezcla, las confunde eter\u00adna e infinitamente. Pero aqu\u00ed est\u00e1n los conceptos y las defini\u00adciones como fotograf\u00edas de un instante de cada variable en juego: las estudiemos, las analicemos, las manipulemos. Luego: volvamos al agua de la que venimos.<\/p>\n<\/blockquote>\n<p style=\"text-align: right;\"><em><strong> Horacio Sosa<\/strong><\/em><\/p>\n<\/div><\/div><div class=\"w-btn-wrapper width_auto align_left\"><a class=\"w-btn us-btn-style_1 icon_atleft\" target=\"_blank\" href=\"http:\/\/mupe.unvm.edu.ar\/wp-content\/uploads\/2021\/03\/04.-Breve-introduccion-al-Lenguaje-Musical.pdf\" rel=\"noopener\"><i class=\"material-icons\">download<\/i><span class=\"w-btn-label\">DESCARGAR LIBRO<\/span><\/a><\/div><\/div><\/div><\/div><\/div><\/div><\/section>\n","protected":false},"excerpt":{"rendered":"Breve introducci\u00f3n al lenguaje musical Dutto, Susana Coqui ISBN 978-987-4993-01-4 &nbsp; Ahora ya sabemos que no basta con definir melod\u00eda, armo\u00adn\u00eda y ritmo, ni alturas y duraciones, ni sonido\/silencio, ni tim\u00adbre\/intensidad, ni ag\u00f3gica\/din\u00e1mica. Sabemos que al hacerlo separamos las partes de un todo, como gotas, pero que la m\u00fasica es el mar que las re\u00fane,...","protected":false},"author":2,"featured_media":0,"parent":23897,"menu_order":5,"comment_status":"closed","ping_status":"closed","template":"","meta":{"footnotes":""},"class_list":["post-24344","page","type-page","status-publish","hentry"],"_links":{"self":[{"href":"http:\/\/mupe.unvm.edu.ar\/index.php?rest_route=\/wp\/v2\/pages\/24344","targetHints":{"allow":["GET"]}}],"collection":[{"href":"http:\/\/mupe.unvm.edu.ar\/index.php?rest_route=\/wp\/v2\/pages"}],"about":[{"href":"http:\/\/mupe.unvm.edu.ar\/index.php?rest_route=\/wp\/v2\/types\/page"}],"author":[{"embeddable":true,"href":"http:\/\/mupe.unvm.edu.ar\/index.php?rest_route=\/wp\/v2\/users\/2"}],"replies":[{"embeddable":true,"href":"http:\/\/mupe.unvm.edu.ar\/index.php?rest_route=%2Fwp%2Fv2%2Fcomments&post=24344"}],"version-history":[{"count":1,"href":"http:\/\/mupe.unvm.edu.ar\/index.php?rest_route=\/wp\/v2\/pages\/24344\/revisions"}],"predecessor-version":[{"id":24345,"href":"http:\/\/mupe.unvm.edu.ar\/index.php?rest_route=\/wp\/v2\/pages\/24344\/revisions\/24345"}],"up":[{"embeddable":true,"href":"http:\/\/mupe.unvm.edu.ar\/index.php?rest_route=\/wp\/v2\/pages\/23897"}],"wp:attachment":[{"href":"http:\/\/mupe.unvm.edu.ar\/index.php?rest_route=%2Fwp%2Fv2%2Fmedia&parent=24344"}],"curies":[{"name":"wp","href":"https:\/\/api.w.org\/{rel}","templated":true}]}}

Breve introducción al lenguaje musical

<section class="l-section wpb_row height_large"><div class="l-section-h i-cf"><div class="g-cols vc_row type_default valign_top"><div class="vc_col-sm-3 wpb_column vc_column_container"><div class="vc_column-inner"><div class="wpb_wrapper"><div class="w-image align_none animate_fade"><a href="http://mupe.unvm.edu.ar/wp-content/uploads/2021/03/04.-Breve-introduccion-al-Lenguaje-Musical-TAPA.jpg" ref="magnificPopup" aria-label="Enlace" class="w-image-h"><img loading="lazy" decoding="async" width="541" height="768" src="http://mupe.unvm.edu.ar/wp-content/uploads/2021/03/04.-Breve-introduccion-al-Lenguaje-Musical-TAPA.jpg" class="attachment-large size-large" alt="" srcset="http://mupe.unvm.edu.ar/wp-content/uploads/2021/03/04.-Breve-introduccion-al-Lenguaje-Musical-TAPA.jpg 541w, http://mupe.unvm.edu.ar/wp-content/uploads/2021/03/04.-Breve-introduccion-al-Lenguaje-Musical-TAPA-211x300.jpg 211w" sizes="auto, (max-width: 541px) 100vw, 541px" /></a></div></div></div></div><div class="vc_col-sm-9 wpb_column vc_column_container"><div class="vc_column-inner"><div class="wpb_wrapper"><div class="wpb_text_column" ><div class="wpb_wrapper"><p><strong>Breve introducción al lenguaje musical</strong><br />
Dutto, Susana Coqui<br />
ISBN 978-987-4993-01-4</p>
<p>&nbsp;</p>
</div></div><div class="wpb_text_column" ><div class="wpb_wrapper"><blockquote>
<p>Ahora ya sabemos que no basta con definir melodía, armo­nía y ritmo, ni alturas y duraciones, ni sonido/silencio, ni tim­bre/intensidad, ni agógica/dinámica. Sabemos que al hacerlo separamos las partes de un todo, como gotas, pero que la música es el mar que las reúne, las mezcla, las confunde eter­na e infinitamente. Pero aquí están los conceptos y las defini­ciones como fotografías de un instante de cada variable en juego: las estudiemos, las analicemos, las manipulemos. Luego: volvamos al agua de la que venimos.</p>
</blockquote>
<p style="text-align: right;"><em><strong> Horacio Sosa</strong></em></p>
</div></div><div class="w-btn-wrapper width_auto align_left"><a class="w-btn us-btn-style_1 icon_atleft" target="_blank" href="http://mupe.unvm.edu.ar/wp-content/uploads/2021/03/04.-Breve-introduccion-al-Lenguaje-Musical.pdf" rel="noopener"><i class="material-icons">download</i><span class="w-btn-label">DESCARGAR LIBRO</span></a></div></div></div></div></div></div></section>

Breve introducción al lenguaje musical Dutto, Susana Coqui ISBN 978-987-4993-01-4 &nbsp; Ahora ya sabemos que no basta con definir melodía, armo­nía y ritmo, ni alturas y duraciones, ni sonido/silencio, ni tim­bre/intensidad, ni agógica/dinámica. Sabemos que al hacerlo separamos las partes de un todo, como gotas, pero que la música es el mar que las reúne,...
