{"id":24349,"date":"2023-09-19T11:12:28","date_gmt":"2023-09-19T14:12:28","guid":{"rendered":"http:\/\/mupe.unvm.edu.ar\/?page_id=24349"},"modified":"2023-09-19T11:20:51","modified_gmt":"2023-09-19T14:20:51","slug":"musica-popular-y-educacion-superior","status":"publish","type":"page","link":"http:\/\/mupe.unvm.edu.ar\/?page_id=24349","title":{"rendered":"M\u00fasica popular y educaci\u00f3n superior"},"content":{"rendered":"<section class=\"l-section wpb_row height_large\"><div class=\"l-section-h i-cf\"><div class=\"g-cols vc_row type_default valign_top\"><div class=\"vc_col-sm-3 wpb_column vc_column_container\"><div class=\"vc_column-inner\"><div class=\"wpb_wrapper\"><div class=\"w-image align_none animate_fade\"><a href=\"http:\/\/mupe.unvm.edu.ar\/wp-content\/uploads\/2021\/03\/02.-Musica-popular-y-educacion-superior-TAPA.jpg\" ref=\"magnificPopup\" aria-label=\"Enlace\" class=\"w-image-h\"><img loading=\"lazy\" decoding=\"async\" width=\"541\" height=\"768\" src=\"http:\/\/mupe.unvm.edu.ar\/wp-content\/uploads\/2021\/03\/02.-Musica-popular-y-educacion-superior-TAPA.jpg\" class=\"attachment-large size-large\" alt=\"M\u00fasica popular y educaci\u00f3n superior\" srcset=\"http:\/\/mupe.unvm.edu.ar\/wp-content\/uploads\/2021\/03\/02.-Musica-popular-y-educacion-superior-TAPA.jpg 541w, http:\/\/mupe.unvm.edu.ar\/wp-content\/uploads\/2021\/03\/02.-Musica-popular-y-educacion-superior-TAPA-211x300.jpg 211w\" sizes=\"auto, (max-width: 541px) 100vw, 541px\" \/><\/a><\/div><\/div><\/div><\/div><div class=\"vc_col-sm-9 wpb_column vc_column_container\"><div class=\"vc_column-inner\"><div class=\"wpb_wrapper\"><div class=\"wpb_text_column\" ><div class=\"wpb_wrapper\"><p><strong>M\u00fasica popular y educaci\u00f3n superior. Reflexiones, debates, miradas, criterios, proyecciones<\/strong><br \/>\nAharoni\u00e1n Cori\u00fan | Arenas, Eliecer | Batres, Ethel | Ciallella, Juan Carlos | Herrero, Liliana | Salazar, Rafael | Sosa, Horacio | Sossa Santos, Jorge | Todd, Cecilia | Vittore, Claudio<br \/>\nCompiladora: Dutto, Susana<br \/>\nISBN 978-987-1697-30-4<\/p>\n<p>&nbsp;<\/p>\n<\/div><\/div><div class=\"wpb_text_column\" ><div class=\"wpb_wrapper\"><blockquote>\n<p>El presente libro re\u00fane las voces de importantes referentes sobre el dif\u00edcil desaf\u00edo que asumi\u00f3 la Universidad Nacional de Villa Mar\u00eda hace 20 a\u00f1os: incorporar la M\u00fasica Popular en el \u00e1mbito acad\u00e9mico sin desvirtuarla ni encasillarla en cors\u00e9s que no podr\u00edan contenerla. Los textos seleccionados incluyen las ideas iniciales del fundador de la carrera, las reflexiones del actual coordinador en tomo a los nuevos desaf\u00edos y exposiciones de invitados a los Congresos Latinoamericanos de Formaci\u00f3n Acad\u00e9mica en M\u00fasica Popular, espacio que cada dos a\u00f1os nos congrega a intercambiar miradas, saberes, experiencias, dudas, proyecciones.<\/p>\n<\/blockquote>\n<p style=\"text-align: right;\"><span style=\"color: #ffffff;\">mupe<\/span><\/p>\n<\/div><\/div><div class=\"w-btn-wrapper width_auto align_left\"><a class=\"w-btn us-btn-style_1 icon_atleft\" target=\"_blank\" href=\"http:\/\/mupe.unvm.edu.ar\/wp-content\/uploads\/2021\/03\/02.-Musica-popular-y-educacion-superior.pdf\" rel=\"noopener\"><i class=\"material-icons\">download<\/i><span class=\"w-btn-label\">DESCARGAR LIBRO<\/span><\/a><\/div><\/div><\/div><\/div><\/div><\/div><\/section>\n","protected":false},"excerpt":{"rendered":"M\u00fasica popular y educaci\u00f3n superior. Reflexiones, debates, miradas, criterios, proyecciones Aharoni\u00e1n Cori\u00fan | Arenas, Eliecer | Batres, Ethel | Ciallella, Juan Carlos | Herrero, Liliana | Salazar, Rafael | Sosa, Horacio | Sossa Santos, Jorge | Todd, Cecilia | Vittore, Claudio Compiladora: Dutto, Susana ISBN 978-987-1697-30-4 &nbsp; El presente libro re\u00fane las voces de importantes...","protected":false},"author":2,"featured_media":0,"parent":23897,"menu_order":8,"comment_status":"closed","ping_status":"closed","template":"","meta":{"footnotes":""},"class_list":["post-24349","page","type-page","status-publish","hentry"],"_links":{"self":[{"href":"http:\/\/mupe.unvm.edu.ar\/index.php?rest_route=\/wp\/v2\/pages\/24349","targetHints":{"allow":["GET"]}}],"collection":[{"href":"http:\/\/mupe.unvm.edu.ar\/index.php?rest_route=\/wp\/v2\/pages"}],"about":[{"href":"http:\/\/mupe.unvm.edu.ar\/index.php?rest_route=\/wp\/v2\/types\/page"}],"author":[{"embeddable":true,"href":"http:\/\/mupe.unvm.edu.ar\/index.php?rest_route=\/wp\/v2\/users\/2"}],"replies":[{"embeddable":true,"href":"http:\/\/mupe.unvm.edu.ar\/index.php?rest_route=%2Fwp%2Fv2%2Fcomments&post=24349"}],"version-history":[{"count":1,"href":"http:\/\/mupe.unvm.edu.ar\/index.php?rest_route=\/wp\/v2\/pages\/24349\/revisions"}],"predecessor-version":[{"id":24350,"href":"http:\/\/mupe.unvm.edu.ar\/index.php?rest_route=\/wp\/v2\/pages\/24349\/revisions\/24350"}],"up":[{"embeddable":true,"href":"http:\/\/mupe.unvm.edu.ar\/index.php?rest_route=\/wp\/v2\/pages\/23897"}],"wp:attachment":[{"href":"http:\/\/mupe.unvm.edu.ar\/index.php?rest_route=%2Fwp%2Fv2%2Fmedia&parent=24349"}],"curies":[{"name":"wp","href":"https:\/\/api.w.org\/{rel}","templated":true}]}}

Música popular y educación superior

<section class="l-section wpb_row height_large"><div class="l-section-h i-cf"><div class="g-cols vc_row type_default valign_top"><div class="vc_col-sm-3 wpb_column vc_column_container"><div class="vc_column-inner"><div class="wpb_wrapper"><div class="w-image align_none animate_fade"><a href="http://mupe.unvm.edu.ar/wp-content/uploads/2021/03/02.-Musica-popular-y-educacion-superior-TAPA.jpg" ref="magnificPopup" aria-label="Enlace" class="w-image-h"><img loading="lazy" decoding="async" width="541" height="768" src="http://mupe.unvm.edu.ar/wp-content/uploads/2021/03/02.-Musica-popular-y-educacion-superior-TAPA.jpg" class="attachment-large size-large" alt="Música popular y educación superior" srcset="http://mupe.unvm.edu.ar/wp-content/uploads/2021/03/02.-Musica-popular-y-educacion-superior-TAPA.jpg 541w, http://mupe.unvm.edu.ar/wp-content/uploads/2021/03/02.-Musica-popular-y-educacion-superior-TAPA-211x300.jpg 211w" sizes="auto, (max-width: 541px) 100vw, 541px" /></a></div></div></div></div><div class="vc_col-sm-9 wpb_column vc_column_container"><div class="vc_column-inner"><div class="wpb_wrapper"><div class="wpb_text_column" ><div class="wpb_wrapper"><p><strong>Música popular y educación superior. Reflexiones, debates, miradas, criterios, proyecciones</strong><br />
Aharonián Coriún | Arenas, Eliecer | Batres, Ethel | Ciallella, Juan Carlos | Herrero, Liliana | Salazar, Rafael | Sosa, Horacio | Sossa Santos, Jorge | Todd, Cecilia | Vittore, Claudio<br />
Compiladora: Dutto, Susana<br />
ISBN 978-987-1697-30-4</p>
<p>&nbsp;</p>
</div></div><div class="wpb_text_column" ><div class="wpb_wrapper"><blockquote>
<p>El presente libro reúne las voces de importantes referentes sobre el difícil desafío que asumió la Universidad Nacional de Villa María hace 20 años: incorporar la Música Popular en el ámbito académico sin desvirtuarla ni encasillarla en corsés que no podrían contenerla. Los textos seleccionados incluyen las ideas iniciales del fundador de la carrera, las reflexiones del actual coordinador en tomo a los nuevos desafíos y exposiciones de invitados a los Congresos Latinoamericanos de Formación Académica en Música Popular, espacio que cada dos años nos congrega a intercambiar miradas, saberes, experiencias, dudas, proyecciones.</p>
</blockquote>
<p style="text-align: right;"><span style="color: #ffffff;">mupe</span></p>
</div></div><div class="w-btn-wrapper width_auto align_left"><a class="w-btn us-btn-style_1 icon_atleft" target="_blank" href="http://mupe.unvm.edu.ar/wp-content/uploads/2021/03/02.-Musica-popular-y-educacion-superior.pdf" rel="noopener"><i class="material-icons">download</i><span class="w-btn-label">DESCARGAR LIBRO</span></a></div></div></div></div></div></div></section>

Música popular y educación superior. Reflexiones, debates, miradas, criterios, proyecciones Aharonián Coriún | Arenas, Eliecer | Batres, Ethel | Ciallella, Juan Carlos | Herrero, Liliana | Salazar, Rafael | Sosa, Horacio | Sossa Santos, Jorge | Todd, Cecilia | Vittore, Claudio Compiladora: Dutto, Susana ISBN 978-987-1697-30-4 &nbsp; El presente libro reúne las voces de importantes...
