{"id":24428,"date":"2023-12-07T11:46:07","date_gmt":"2023-12-07T14:46:07","guid":{"rendered":"http:\/\/mupe.unvm.edu.ar\/?page_id=24428"},"modified":"2023-12-12T11:35:06","modified_gmt":"2023-12-12T14:35:06","slug":"3-concurso-composicion-musical-2023-resultados","status":"publish","type":"page","link":"http:\/\/mupe.unvm.edu.ar\/?page_id=24428","title":{"rendered":"3\u00b0 Concurso Composici\u00f3n Musical 2023 (resultados)"},"content":{"rendered":"<section class=\"l-section wpb_row height_large\"><div class=\"l-section-h i-cf\"><div class=\"g-cols vc_row type_default valign_top\"><div class=\"vc_col-sm-12 wpb_column vc_column_container\"><div class=\"vc_column-inner\"><div class=\"wpb_wrapper\"><div class=\"w-image align_none\"><div class=\"w-image-h\"><img loading=\"lazy\" decoding=\"async\" width=\"1024\" height=\"1024\" src=\"http:\/\/mupe.unvm.edu.ar\/wp-content\/uploads\/2023\/11\/Imagen-de-WhatsApp-2023-11-08-a-las-10.14.28_e8fba40d-1024x1024.jpg\" class=\"attachment-large size-large\" alt=\"\" srcset=\"http:\/\/mupe.unvm.edu.ar\/wp-content\/uploads\/2023\/11\/Imagen-de-WhatsApp-2023-11-08-a-las-10.14.28_e8fba40d-1024x1024.jpg 1024w, http:\/\/mupe.unvm.edu.ar\/wp-content\/uploads\/2023\/11\/Imagen-de-WhatsApp-2023-11-08-a-las-10.14.28_e8fba40d-300x300.jpg 300w, http:\/\/mupe.unvm.edu.ar\/wp-content\/uploads\/2023\/11\/Imagen-de-WhatsApp-2023-11-08-a-las-10.14.28_e8fba40d-150x150.jpg 150w, http:\/\/mupe.unvm.edu.ar\/wp-content\/uploads\/2023\/11\/Imagen-de-WhatsApp-2023-11-08-a-las-10.14.28_e8fba40d-600x600.jpg 600w, http:\/\/mupe.unvm.edu.ar\/wp-content\/uploads\/2023\/11\/Imagen-de-WhatsApp-2023-11-08-a-las-10.14.28_e8fba40d.jpg 1600w\" sizes=\"auto, (max-width: 1024px) 100vw, 1024px\" \/><\/div><\/div><\/div><\/div><\/div><\/div><\/div><\/section><section class=\"l-section wpb_row height_large\"><div class=\"l-section-h i-cf\"><div class=\"g-cols vc_row type_default valign_top\"><div class=\"vc_col-sm-12 wpb_column vc_column_container\"><div class=\"vc_column-inner\"><div class=\"wpb_wrapper\"><div class=\"wpb_text_column\" ><div class=\"wpb_wrapper\"><h3><strong>Concurso de Composici\u00f3n 2023<\/strong><\/h3>\n<p>&nbsp;<\/p>\n<p>Siendo las 18hs. del d\u00eda 5 de diciembre del 2023, se procede a sumar los puntajes otorgados por los profesores Ezequiel Infante, Claudio Vittore y las profesoras Adriana Watson, Coqui Dutto, que evaluaron las 25 (veinticinco) composiciones que se presentaron al 3er Concurso de Composici\u00f3n de la Licenciatura en Composici\u00f3n Musical con orientaci\u00f3n en M\u00fasica Popular de la UNVM.<br \/>\nAntes de informar sobre la sumatoria, queremos destacar la calidad de las composiciones recibidas, felicitando a cada una y cada uno de los estudiantes que se presentaron y a los docentes que acompa\u00f1aron los procesos compositivos de los mismos. Queremos manifestar la dificultad de evaluar composiciones de tan diferentes estilos, por lo que sugerimos que en a\u00f1os posteriores se establezcan categor\u00edas diferentes. Igualmente, a pesar de la dificultad, hemos puesto nuestro mayor compromiso en la evaluaci\u00f3n, procurando superar nuestros gustos personales, para evaluar las propuestas conforme a los siguientes criterios:<\/p>\n<ul>\n<li>Claridad en el lenguaje utilizado (rasgos estil\u00edsticos, formales, giros mel\u00f3dicos, r\u00edtmicos, arm\u00f3nicos).<\/li>\n<li>Uso adecuado de los rangos instrumentales, de las combinaciones t\u00edmbricas y de las posibilidades texturales que propone el org\u00e1nico elegido.<\/li>\n<li>Uso correcto del sistema de escritura musical en relaci\u00f3n al g\u00e9nero.<\/li>\n<li>Aportes que puedan resultar innovadores en distintos par\u00e1metros.<\/li>\n<li>Coherencia est\u00e9tica a lo largo de la obra.<\/li>\n<\/ul>\n<p>El reconocimiento consiste en la publicaci\u00f3n de las composiciones en el repositorio en l\u00ednea de las partituras, la posibilidad de grabar la obra en el estudio de la licenciatura y el premio monetario de $30.000.- a cada una de las tres obras ganadoras.<\/p>\n<h3><strong>Premios de COMPOSICI\u00d3N 2023<\/strong><\/h3>\n<p>Autor: <strong>Valent\u00edn Almada<br \/>\n<\/strong>Obra: <strong>El espacio que nos une<br \/>\n<\/strong>Realizada para su Trabajo Final de Grado, en desarrollo.<\/p>\n<audio class=\"wp-audio-shortcode\" id=\"audio-24428-1\" preload=\"none\" style=\"width: 100%;\" controls=\"controls\"><source type=\"audio\/mpeg\" src=\"http:\/\/mupe.unvm.edu.ar\/wp-content\/uploads\/2023\/12\/El-espacio-que-nos-une-musica.mp3?_=1\" \/><a href=\"http:\/\/mupe.unvm.edu.ar\/wp-content\/uploads\/2023\/12\/El-espacio-que-nos-une-musica.mp3\">http:\/\/mupe.unvm.edu.ar\/wp-content\/uploads\/2023\/12\/El-espacio-que-nos-une-musica.mp3<\/a><\/audio>\n<p><strong><a href=\"http:\/\/mupe.unvm.edu.ar\/wp-content\/uploads\/2023\/12\/El-espacio-que-nos-une-Partitura.pdf\">Partitura<\/a><\/strong><\/p>\n<p>Autor: <strong>Tob\u00edas Pantale\u00f3n Ribotta<br \/>\n<\/strong>Obra: <strong>Inti Killa<br \/>\n<\/strong>Realizada para M\u00fasica Argentina II.<\/p>\n<audio class=\"wp-audio-shortcode\" id=\"audio-24428-2\" preload=\"none\" style=\"width: 100%;\" controls=\"controls\"><source type=\"audio\/mpeg\" src=\"http:\/\/mupe.unvm.edu.ar\/wp-content\/uploads\/2023\/12\/Inti-Quilla.mp3?_=2\" \/><a href=\"http:\/\/mupe.unvm.edu.ar\/wp-content\/uploads\/2023\/12\/Inti-Quilla.mp3\">http:\/\/mupe.unvm.edu.ar\/wp-content\/uploads\/2023\/12\/Inti-Quilla.mp3<\/a><\/audio>\n<p><strong>Partitura<\/strong><\/p>\n<p>Autor: <strong>Juli\u00e1n Reales<br \/>\n<\/strong>Obra:<strong> Journey To The Forgotten Lands<br \/>\n<\/strong>Realizada para Composici\u00f3n para Imagen, Escena y Movimiento<\/p>\n<audio class=\"wp-audio-shortcode\" id=\"audio-24428-3\" preload=\"none\" style=\"width: 100%;\" controls=\"controls\"><source type=\"audio\/mpeg\" src=\"http:\/\/mupe.unvm.edu.ar\/wp-content\/uploads\/2023\/12\/Journey-To-The-Forgotten-Lands.mp3?_=3\" \/><a href=\"http:\/\/mupe.unvm.edu.ar\/wp-content\/uploads\/2023\/12\/Journey-To-The-Forgotten-Lands.mp3\">http:\/\/mupe.unvm.edu.ar\/wp-content\/uploads\/2023\/12\/Journey-To-The-Forgotten-Lands.mp3<\/a><\/audio>\n<p><strong>Partitura<\/strong><\/p>\n<p>&nbsp;<\/p>\n<h3><strong>Mencio<\/strong><strong>nes Especiales:<\/strong><\/h3>\n<p><strong>\u00a0<\/strong>Se establece el siguiente orden de m\u00e9rito con el\u00a0 objeto de publicar las composiciones en el repositorio digital de partituras del MUPE:<\/p>\n<p>&nbsp;<\/p>\n<p>1. Oscuridad \u2013 <strong>Renzo Belfanti<br \/>\n<\/strong><\/p>\n<audio class=\"wp-audio-shortcode\" id=\"audio-24428-4\" preload=\"none\" style=\"width: 100%;\" controls=\"controls\"><source type=\"audio\/mpeg\" src=\"http:\/\/mupe.unvm.edu.ar\/wp-content\/uploads\/2023\/12\/Oscuridad.mp3?_=4\" \/><a href=\"http:\/\/mupe.unvm.edu.ar\/wp-content\/uploads\/2023\/12\/Oscuridad.mp3\">http:\/\/mupe.unvm.edu.ar\/wp-content\/uploads\/2023\/12\/Oscuridad.mp3<\/a><\/audio>\n<p><strong>\u00a0<\/strong><\/p>\n<p>2. D\u00eda nuevo \u2013 <strong>Franco Torres<br \/>\n<\/strong><\/p>\n<audio class=\"wp-audio-shortcode\" id=\"audio-24428-5\" preload=\"none\" style=\"width: 100%;\" controls=\"controls\"><source type=\"audio\/mpeg\" src=\"http:\/\/mupe.unvm.edu.ar\/wp-content\/uploads\/2023\/12\/Dia-Nuevo-merengue-caraqueno.mp3?_=5\" \/><a href=\"http:\/\/mupe.unvm.edu.ar\/wp-content\/uploads\/2023\/12\/Dia-Nuevo-merengue-caraqueno.mp3\">http:\/\/mupe.unvm.edu.ar\/wp-content\/uploads\/2023\/12\/Dia-Nuevo-merengue-caraqueno.mp3<\/a><\/audio>\n<p><strong>\u00a0<\/strong><\/p>\n<p>3. Mariposa &#8211; <strong>Tom\u00e1s Del Val<br \/>\n<\/strong><\/p>\n<audio class=\"wp-audio-shortcode\" id=\"audio-24428-6\" preload=\"none\" style=\"width: 100%;\" controls=\"controls\"><source type=\"audio\/mpeg\" src=\"http:\/\/mupe.unvm.edu.ar\/wp-content\/uploads\/2023\/12\/La-Mariposa.mp3?_=6\" \/><a href=\"http:\/\/mupe.unvm.edu.ar\/wp-content\/uploads\/2023\/12\/La-Mariposa.mp3\">http:\/\/mupe.unvm.edu.ar\/wp-content\/uploads\/2023\/12\/La-Mariposa.mp3<\/a><\/audio>\n<p><strong>\u00a0<\/strong><\/p>\n<p>4. Alone with me again \u2013 M\u00fasica: <strong>Lautaro Fenoglio Paisio \u2013 <\/strong>Letra:<strong> Ana Clara Balderramos \u2013 <\/strong>Arreglos:<strong> Agust\u00edn Maldonado &#8211; Ana Clara Balderramos &#8211; Lautaro Fenoglio Paisio<br \/>\n<\/strong><\/p>\n<audio class=\"wp-audio-shortcode\" id=\"audio-24428-7\" preload=\"none\" style=\"width: 100%;\" controls=\"controls\"><source type=\"audio\/mpeg\" src=\"http:\/\/mupe.unvm.edu.ar\/wp-content\/uploads\/2023\/12\/ALONE-MIX-V5-MASTER-V5.mp3?_=7\" \/><a href=\"http:\/\/mupe.unvm.edu.ar\/wp-content\/uploads\/2023\/12\/ALONE-MIX-V5-MASTER-V5.mp3\">http:\/\/mupe.unvm.edu.ar\/wp-content\/uploads\/2023\/12\/ALONE-MIX-V5-MASTER-V5.mp3<\/a><\/audio>\n<p><strong>\u00a0<\/strong><\/p>\n<p>5. A\u00f1orando \u2013 <strong>Fidel Perusia<\/strong><\/p>\n<p>&nbsp;<\/p>\n<p>6. Motivo Nocturno \u2013 <strong>Nahuel Krekac<br \/>\n<\/strong><\/p>\n<audio class=\"wp-audio-shortcode\" id=\"audio-24428-8\" preload=\"none\" style=\"width: 100%;\" controls=\"controls\"><source type=\"audio\/mpeg\" src=\"http:\/\/mupe.unvm.edu.ar\/wp-content\/uploads\/2023\/12\/Motivo-Nocturno-Krekac-Nahuel-Bailecito.mp3?_=8\" \/><a href=\"http:\/\/mupe.unvm.edu.ar\/wp-content\/uploads\/2023\/12\/Motivo-Nocturno-Krekac-Nahuel-Bailecito.mp3\">http:\/\/mupe.unvm.edu.ar\/wp-content\/uploads\/2023\/12\/Motivo-Nocturno-Krekac-Nahuel-Bailecito.mp3<\/a><\/audio>\n<p><strong>\u00a0<\/strong><\/p>\n<p>7. D\u00eda de fe \u2013 <strong>August\u00edn Maldonado<br \/>\n<\/strong><\/p>\n<audio class=\"wp-audio-shortcode\" id=\"audio-24428-9\" preload=\"none\" style=\"width: 100%;\" controls=\"controls\"><source type=\"audio\/mpeg\" src=\"http:\/\/mupe.unvm.edu.ar\/wp-content\/uploads\/2023\/12\/UN-DIA-DE-FE-MIX-V4-MASTER-V4.mp3?_=9\" \/><a href=\"http:\/\/mupe.unvm.edu.ar\/wp-content\/uploads\/2023\/12\/UN-DIA-DE-FE-MIX-V4-MASTER-V4.mp3\">http:\/\/mupe.unvm.edu.ar\/wp-content\/uploads\/2023\/12\/UN-DIA-DE-FE-MIX-V4-MASTER-V4.mp3<\/a><\/audio>\n<p><strong>\u00a0<\/strong><\/p>\n<p>8. Grieta \u2013 <strong>Roc\u00edo Mancinelli<br \/>\n<\/strong><\/p>\n<audio class=\"wp-audio-shortcode\" id=\"audio-24428-10\" preload=\"none\" style=\"width: 100%;\" controls=\"controls\"><source type=\"audio\/mpeg\" src=\"http:\/\/mupe.unvm.edu.ar\/wp-content\/uploads\/2023\/12\/Grieta-Rocio-Mancinelli.mp3?_=10\" \/><a href=\"http:\/\/mupe.unvm.edu.ar\/wp-content\/uploads\/2023\/12\/Grieta-Rocio-Mancinelli.mp3\">http:\/\/mupe.unvm.edu.ar\/wp-content\/uploads\/2023\/12\/Grieta-Rocio-Mancinelli.mp3<\/a><\/audio>\n<p><strong>\u00a0<\/strong><\/p>\n<p>9. En la distancia \u2013 <strong>Juan Pablo Molina<\/strong><\/p>\n<p>&nbsp;<\/p>\n<p><strong>\u00a1Felicitaciones!<\/strong><\/p>\n<p>Universidad Nacional de Villa Mar\u00eda<br \/>\nInstituto Acad\u00e9mico pedag\u00f3gico de Ciencias Humanas<br \/>\nLicenciatura en Composici\u00f3n Musical con orientaci\u00f3n en M\u00fasica Popular<br \/>\nMUPE-Centro de Estudios y Divulgaci\u00f3n de las M\u00fasicas \u00c9tnicas y Populares del Mundo<\/p>\n<\/div><\/div><\/div><\/div><\/div><\/div><\/div><\/section>\n","protected":false},"excerpt":{"rendered":"Concurso de Composici\u00f3n 2023 &nbsp; Siendo las 18hs. del d\u00eda 5 de diciembre del 2023, se procede a sumar los puntajes otorgados por los profesores Ezequiel Infante, Claudio Vittore y las profesoras Adriana Watson, Coqui Dutto, que evaluaron las 25 (veinticinco) composiciones que se presentaron al 3er Concurso de Composici\u00f3n de la Licenciatura en Composici\u00f3n...","protected":false},"author":2,"featured_media":0,"parent":23999,"menu_order":0,"comment_status":"closed","ping_status":"closed","template":"","meta":{"footnotes":""},"class_list":["post-24428","page","type-page","status-publish","hentry"],"_links":{"self":[{"href":"http:\/\/mupe.unvm.edu.ar\/index.php?rest_route=\/wp\/v2\/pages\/24428","targetHints":{"allow":["GET"]}}],"collection":[{"href":"http:\/\/mupe.unvm.edu.ar\/index.php?rest_route=\/wp\/v2\/pages"}],"about":[{"href":"http:\/\/mupe.unvm.edu.ar\/index.php?rest_route=\/wp\/v2\/types\/page"}],"author":[{"embeddable":true,"href":"http:\/\/mupe.unvm.edu.ar\/index.php?rest_route=\/wp\/v2\/users\/2"}],"replies":[{"embeddable":true,"href":"http:\/\/mupe.unvm.edu.ar\/index.php?rest_route=%2Fwp%2Fv2%2Fcomments&post=24428"}],"version-history":[{"count":7,"href":"http:\/\/mupe.unvm.edu.ar\/index.php?rest_route=\/wp\/v2\/pages\/24428\/revisions"}],"predecessor-version":[{"id":24450,"href":"http:\/\/mupe.unvm.edu.ar\/index.php?rest_route=\/wp\/v2\/pages\/24428\/revisions\/24450"}],"up":[{"embeddable":true,"href":"http:\/\/mupe.unvm.edu.ar\/index.php?rest_route=\/wp\/v2\/pages\/23999"}],"wp:attachment":[{"href":"http:\/\/mupe.unvm.edu.ar\/index.php?rest_route=%2Fwp%2Fv2%2Fmedia&parent=24428"}],"curies":[{"name":"wp","href":"https:\/\/api.w.org\/{rel}","templated":true}]}}

3° Concurso Composición Musical 2023 (resultados)

<section class="l-section wpb_row height_large"><div class="l-section-h i-cf"><div class="g-cols vc_row type_default valign_top"><div class="vc_col-sm-12 wpb_column vc_column_container"><div class="vc_column-inner"><div class="wpb_wrapper"><div class="w-image align_none"><div class="w-image-h"><img loading="lazy" decoding="async" width="1024" height="1024" src="http://mupe.unvm.edu.ar/wp-content/uploads/2023/11/Imagen-de-WhatsApp-2023-11-08-a-las-10.14.28_e8fba40d-1024x1024.jpg" class="attachment-large size-large" alt="" srcset="http://mupe.unvm.edu.ar/wp-content/uploads/2023/11/Imagen-de-WhatsApp-2023-11-08-a-las-10.14.28_e8fba40d-1024x1024.jpg 1024w, http://mupe.unvm.edu.ar/wp-content/uploads/2023/11/Imagen-de-WhatsApp-2023-11-08-a-las-10.14.28_e8fba40d-300x300.jpg 300w, http://mupe.unvm.edu.ar/wp-content/uploads/2023/11/Imagen-de-WhatsApp-2023-11-08-a-las-10.14.28_e8fba40d-150x150.jpg 150w, http://mupe.unvm.edu.ar/wp-content/uploads/2023/11/Imagen-de-WhatsApp-2023-11-08-a-las-10.14.28_e8fba40d-600x600.jpg 600w, http://mupe.unvm.edu.ar/wp-content/uploads/2023/11/Imagen-de-WhatsApp-2023-11-08-a-las-10.14.28_e8fba40d.jpg 1600w" sizes="auto, (max-width: 1024px) 100vw, 1024px" /></div></div></div></div></div></div></div></section><section class="l-section wpb_row height_large"><div class="l-section-h i-cf"><div class="g-cols vc_row type_default valign_top"><div class="vc_col-sm-12 wpb_column vc_column_container"><div class="vc_column-inner"><div class="wpb_wrapper"><div class="wpb_text_column" ><div class="wpb_wrapper"><h3><strong>Concurso de Composición 2023</strong></h3>
<p>&nbsp;</p>
<p>Siendo las 18hs. del día 5 de diciembre del 2023, se procede a sumar los puntajes otorgados por los profesores Ezequiel Infante, Claudio Vittore y las profesoras Adriana Watson, Coqui Dutto, que evaluaron las 25 (veinticinco) composiciones que se presentaron al 3er Concurso de Composición de la Licenciatura en Composición Musical con orientación en Música Popular de la UNVM.<br />
Antes de informar sobre la sumatoria, queremos destacar la calidad de las composiciones recibidas, felicitando a cada una y cada uno de los estudiantes que se presentaron y a los docentes que acompañaron los procesos compositivos de los mismos. Queremos manifestar la dificultad de evaluar composiciones de tan diferentes estilos, por lo que sugerimos que en años posteriores se establezcan categorías diferentes. Igualmente, a pesar de la dificultad, hemos puesto nuestro mayor compromiso en la evaluación, procurando superar nuestros gustos personales, para evaluar las propuestas conforme a los siguientes criterios:</p>
<ul>
<li>Claridad en el lenguaje utilizado (rasgos estilísticos, formales, giros melódicos, rítmicos, armónicos).</li>
<li>Uso adecuado de los rangos instrumentales, de las combinaciones tímbricas y de las posibilidades texturales que propone el orgánico elegido.</li>
<li>Uso correcto del sistema de escritura musical en relación al género.</li>
<li>Aportes que puedan resultar innovadores en distintos parámetros.</li>
<li>Coherencia estética a lo largo de la obra.</li>
</ul>
<p>El reconocimiento consiste en la publicación de las composiciones en el repositorio en línea de las partituras, la posibilidad de grabar la obra en el estudio de la licenciatura y el premio monetario de $30.000.- a cada una de las tres obras ganadoras.</p>
<h3><strong>Premios de COMPOSICIÓN 2023</strong></h3>
<p>Autor: <strong>Valentín Almada<br />
</strong>Obra: <strong>El espacio que nos une<br />
</strong>Realizada para su Trabajo Final de Grado, en desarrollo.</p>
<audio class="wp-audio-shortcode" id="audio-24428-1" preload="none" style="width: 100%;" controls="controls"><source type="audio/mpeg" src="http://mupe.unvm.edu.ar/wp-content/uploads/2023/12/El-espacio-que-nos-une-musica.mp3?_=1" /><a href="http://mupe.unvm.edu.ar/wp-content/uploads/2023/12/El-espacio-que-nos-une-musica.mp3">http://mupe.unvm.edu.ar/wp-content/uploads/2023/12/El-espacio-que-nos-une-musica.mp3</a></audio>
<p><strong><a href="http://mupe.unvm.edu.ar/wp-content/uploads/2023/12/El-espacio-que-nos-une-Partitura.pdf">Partitura</a></strong></p>
<p>Autor: <strong>Tobías Pantaleón Ribotta<br />
</strong>Obra: <strong>Inti Killa<br />
</strong>Realizada para Música Argentina II.</p>
<audio class="wp-audio-shortcode" id="audio-24428-2" preload="none" style="width: 100%;" controls="controls"><source type="audio/mpeg" src="http://mupe.unvm.edu.ar/wp-content/uploads/2023/12/Inti-Quilla.mp3?_=2" /><a href="http://mupe.unvm.edu.ar/wp-content/uploads/2023/12/Inti-Quilla.mp3">http://mupe.unvm.edu.ar/wp-content/uploads/2023/12/Inti-Quilla.mp3</a></audio>
<p><strong>Partitura</strong></p>
<p>Autor: <strong>Julián Reales<br />
</strong>Obra:<strong> Journey To The Forgotten Lands<br />
</strong>Realizada para Composición para Imagen, Escena y Movimiento</p>
<audio class="wp-audio-shortcode" id="audio-24428-3" preload="none" style="width: 100%;" controls="controls"><source type="audio/mpeg" src="http://mupe.unvm.edu.ar/wp-content/uploads/2023/12/Journey-To-The-Forgotten-Lands.mp3?_=3" /><a href="http://mupe.unvm.edu.ar/wp-content/uploads/2023/12/Journey-To-The-Forgotten-Lands.mp3">http://mupe.unvm.edu.ar/wp-content/uploads/2023/12/Journey-To-The-Forgotten-Lands.mp3</a></audio>
<p><strong>Partitura</strong></p>
<p>&nbsp;</p>
<h3><strong>Mencio</strong><strong>nes Especiales:</strong></h3>
<p><strong> </strong>Se establece el siguiente orden de mérito con el  objeto de publicar las composiciones en el repositorio digital de partituras del MUPE:</p>
<p>&nbsp;</p>
<p>1. Oscuridad – <strong>Renzo Belfanti<br />
</strong></p>
<audio class="wp-audio-shortcode" id="audio-24428-4" preload="none" style="width: 100%;" controls="controls"><source type="audio/mpeg" src="http://mupe.unvm.edu.ar/wp-content/uploads/2023/12/Oscuridad.mp3?_=4" /><a href="http://mupe.unvm.edu.ar/wp-content/uploads/2023/12/Oscuridad.mp3">http://mupe.unvm.edu.ar/wp-content/uploads/2023/12/Oscuridad.mp3</a></audio>
<p><strong> </strong></p>
<p>2. Día nuevo – <strong>Franco Torres<br />
</strong></p>
<audio class="wp-audio-shortcode" id="audio-24428-5" preload="none" style="width: 100%;" controls="controls"><source type="audio/mpeg" src="http://mupe.unvm.edu.ar/wp-content/uploads/2023/12/Dia-Nuevo-merengue-caraqueno.mp3?_=5" /><a href="http://mupe.unvm.edu.ar/wp-content/uploads/2023/12/Dia-Nuevo-merengue-caraqueno.mp3">http://mupe.unvm.edu.ar/wp-content/uploads/2023/12/Dia-Nuevo-merengue-caraqueno.mp3</a></audio>
<p><strong> </strong></p>
<p>3. Mariposa &#8211; <strong>Tomás Del Val<br />
</strong></p>
<audio class="wp-audio-shortcode" id="audio-24428-6" preload="none" style="width: 100%;" controls="controls"><source type="audio/mpeg" src="http://mupe.unvm.edu.ar/wp-content/uploads/2023/12/La-Mariposa.mp3?_=6" /><a href="http://mupe.unvm.edu.ar/wp-content/uploads/2023/12/La-Mariposa.mp3">http://mupe.unvm.edu.ar/wp-content/uploads/2023/12/La-Mariposa.mp3</a></audio>
<p><strong> </strong></p>
<p>4. Alone with me again – Música: <strong>Lautaro Fenoglio Paisio – </strong>Letra:<strong> Ana Clara Balderramos – </strong>Arreglos:<strong> Agustín Maldonado &#8211; Ana Clara Balderramos &#8211; Lautaro Fenoglio Paisio<br />
</strong></p>
<audio class="wp-audio-shortcode" id="audio-24428-7" preload="none" style="width: 100%;" controls="controls"><source type="audio/mpeg" src="http://mupe.unvm.edu.ar/wp-content/uploads/2023/12/ALONE-MIX-V5-MASTER-V5.mp3?_=7" /><a href="http://mupe.unvm.edu.ar/wp-content/uploads/2023/12/ALONE-MIX-V5-MASTER-V5.mp3">http://mupe.unvm.edu.ar/wp-content/uploads/2023/12/ALONE-MIX-V5-MASTER-V5.mp3</a></audio>
<p><strong> </strong></p>
<p>5. Añorando – <strong>Fidel Perusia</strong></p>
<p>&nbsp;</p>
<p>6. Motivo Nocturno – <strong>Nahuel Krekac<br />
</strong></p>
<audio class="wp-audio-shortcode" id="audio-24428-8" preload="none" style="width: 100%;" controls="controls"><source type="audio/mpeg" src="http://mupe.unvm.edu.ar/wp-content/uploads/2023/12/Motivo-Nocturno-Krekac-Nahuel-Bailecito.mp3?_=8" /><a href="http://mupe.unvm.edu.ar/wp-content/uploads/2023/12/Motivo-Nocturno-Krekac-Nahuel-Bailecito.mp3">http://mupe.unvm.edu.ar/wp-content/uploads/2023/12/Motivo-Nocturno-Krekac-Nahuel-Bailecito.mp3</a></audio>
<p><strong> </strong></p>
<p>7. Día de fe – <strong>Augustín Maldonado<br />
</strong></p>
<audio class="wp-audio-shortcode" id="audio-24428-9" preload="none" style="width: 100%;" controls="controls"><source type="audio/mpeg" src="http://mupe.unvm.edu.ar/wp-content/uploads/2023/12/UN-DIA-DE-FE-MIX-V4-MASTER-V4.mp3?_=9" /><a href="http://mupe.unvm.edu.ar/wp-content/uploads/2023/12/UN-DIA-DE-FE-MIX-V4-MASTER-V4.mp3">http://mupe.unvm.edu.ar/wp-content/uploads/2023/12/UN-DIA-DE-FE-MIX-V4-MASTER-V4.mp3</a></audio>
<p><strong> </strong></p>
<p>8. Grieta – <strong>Rocío Mancinelli<br />
</strong></p>
<audio class="wp-audio-shortcode" id="audio-24428-10" preload="none" style="width: 100%;" controls="controls"><source type="audio/mpeg" src="http://mupe.unvm.edu.ar/wp-content/uploads/2023/12/Grieta-Rocio-Mancinelli.mp3?_=10" /><a href="http://mupe.unvm.edu.ar/wp-content/uploads/2023/12/Grieta-Rocio-Mancinelli.mp3">http://mupe.unvm.edu.ar/wp-content/uploads/2023/12/Grieta-Rocio-Mancinelli.mp3</a></audio>
<p><strong> </strong></p>
<p>9. En la distancia – <strong>Juan Pablo Molina</strong></p>
<p>&nbsp;</p>
<p><strong>¡Felicitaciones!</strong></p>
<p>Universidad Nacional de Villa María<br />
Instituto Académico pedagógico de Ciencias Humanas<br />
Licenciatura en Composición Musical con orientación en Música Popular<br />
MUPE-Centro de Estudios y Divulgación de las Músicas Étnicas y Populares del Mundo</p>
</div></div></div></div></div></div></div></section>

Concurso de Composición 2023 &nbsp; Siendo las 18hs. del día 5 de diciembre del 2023, se procede a sumar los puntajes otorgados por los profesores Ezequiel Infante, Claudio Vittore y las profesoras Adriana Watson, Coqui Dutto, que evaluaron las 25 (veinticinco) composiciones que se presentaron al 3er Concurso de Composición de la Licenciatura en Composición...
